 - -98. Calculate the remainder when j is divided by 24.
23
Suppose -2*p + 66 = 4*v, -v + 24 + 15 = 5*p. What is the remainder when 40 is divided by v?
12
Let z = -1 - -5. Suppose -2*y = -0*r + r - 12, -z*r - 16 = 0. Let a(x) = 7*x**2 - 3*x + 1. What is the remainder when a(2) is divided by y?
7
Let m = 63 + -11. Let b = 20 - 2. What is the remainder when m is divided by b?
16
Suppose -2*w - 6 = -3*m, -m = -4*m + 12. Suppose -4*b + 19 = -w*a - 4, -5*a - 19 = 3*b. What is the remainder when 4 is divided by b?
0
Let r(v) = -2*v + 3. Let m be r(2). Let a(l) = 13*l**2 - 1. Let x be a(m). What is the remainder when 31 is divided by (-64)/6*x/(-8)?
15
Let c = 167 + -74. Suppose m + c = 4*m. What is the remainder when m is divided by 16?
15
Calculate the remainder when 25 is divided by 1/4 + (-243)/(-36).
4
Suppose 12*v = 17*v - 220. What is the remainder when v is divided by 12?
8
Suppose 5*q - 4*j - 411 = -125, 5*q - 5*j - 285 = 0. What is the remainder when q is divided by 12?
10
Let g = -8 - 6. Let t be g/(-10) + (-8)/20. Suppose n - t = 5*i + 14, -3*n + 61 = i. Calculate the remainder when n is divided by 7.
6
Let m(h) = -h**3 - 7*h**2 - 5*h. Let q be m(-5). What is the remainder when (-4)/10 - 1035/q is divided by 14?
13
What is the remainder when 37 - (-5 - 0/1) is divided by 11?
9
Let h = -127 - -72. Let i = -33 - h. What is the remainder when i is divided by 8?
6
Let b(s) = -8*s - 11. Calculate the remainder when 171 is divided by b(-5).
26
Suppose -7*t = -4*t + 48. Let m = -8 - t. What is the remainder when 22 is divided by m?
6
Let h(g) = -g**2 + 5*g + 3. Let x(k) = -k - 2. Let a be x(-7). Calculate the remainder when 10 + -1*6/2 is divided by h(a).
1
Calculate the remainder when 55 is divided by -15 + 17 - (-3 - -2 - 25).
27
Let y(c) be the second derivative of -c**5/20 - c**4/12 + c**3/6 + 32*c**2 + c. Suppose 8*k + 38 = 214. What is the remainder when y(0) is divided by k?
20
Let a(n) = -n**2 + 8*n - 7. Let p be a(6). Suppose p*y = 3 + 17. Let r = 24 - 17. Calculate the remainder when r is divided by y.
3
Suppose q + 9 - 13 = 0, 3*y = -2*q + 752. Calculate the remainder when y is divided by 14.
10
Let u = 14 + -8. Let b(d) = -d**3 + 6*d**2 + d + 6. Calculate the remainder when 46 is divided by b(u).
10
Let a(m) = m**3 - 3*m**2 + 3*m - 3. Let c = -49 + 23. Let i = 42 + c. What is the remainder when i is divided by a(3)?
4
Suppose -f - 542 = -5*n, 4*n = 3*n - 5*f + 98. What is the remainder when n is divided by 29?
21
Let l = -59 - -79. What is the remainder when 37 is divided by l?
17
Let y(a) = a**2 - 11*a - 8. Let t(x) = -x**3 + 3*x**2 + 5*x - 2. What is the remainder when y(12) is divided by t(4)?
0
Let v(p) = -p + 6. Let q(w) = w. Let z be q(2). Suppose 11 = z*c + 3. Calculate the remainder when 3 is divided by v(c).
1
Let b be (-6)/4*(-32)/12. Suppose 2*v = b*c - 42, 18 = -0*c + 2*c + 2*v. Let m = 13 + 6. Calculate the remainder when m is divided by c.
9
Let t = -1 - -5. Suppose 3*p + t*i - 41 = 0, 3*p - 4*p = 2*i - 11. What is the remainder when p is divided by 7?
5
Let c = 29 - 24. Calculate the remainder when 6 is divided by c.
1
Suppose 39 = 3*p + 5*n + 13, -n + 6 = p. Suppose p*f = -2*w + 38, 5*w + 2*f - 107 = f. Let g = 48 + -5. Calculate the remainder when g is divided by w.
21
Let l be 2 + 2/(-3)*-24. Suppose 0 = 4*b - l + 2. Suppose -5*x + 50 = b*p, -34 = -p - 2*p - 2*x. What is the remainder when p is divided by 3?
1
Suppose 5*p - 4*x - 70 = 59, -2*p + 3*x + 46 = 0. Calculate the remainder when p is divided by 6.
5
Suppose n = -4*n + 10. Suppose 4*y = -n*r + 6*r - 32, 5*y - 4 = r. Calculate the remainder when r is divided by 3.
2
Suppose 2*t = 6*t - 16. What is the remainder when 5 is divided by t?
1
Let i be 12/7 - 30/(-105). Suppose -h - j = -13, -h + 2*j = -i + 1. Let n(t) = 27*t**2 - 1. What is the remainder when n(-1) is divided by h?
8
Let g = 10 + -29. Let m = g - -57. Suppose 0 = 2*t - m - 26. Calculate the remainder when t is divided by 17.
15
Suppose 1 = -r + 7. Suppose 51 = 5*u - 119. Suppose -n - 2*c = -4*n + 51, -2*n + c = -u. Calculate the remainder when n is divided by r.
5
Suppose -4*x - 3*f + 89 = 2*f, x - 24 = -3*f. Let s(o) = o**3 - 6*o**2 + 4. Let r be s(6). Calculate the remainder when x is divided by -3 - -15*(r - 3).
9
Let k = 24 - 11. Let d(o) be the first derivative of 4*o**3 - o**2 - 3*o + 6. What is the remainder when d(-2) is divided by k?
10
Let f(o) = o**2 - 2*o + 4. Let j be (2/4)/(2/(-12)). What is the remainder when f(j) is divided by 4/(-10) + (-260)/(-25)?
9
Suppose 0 = -4*w - 0*w + 16. Let f = 18 + -7. Suppose 0 = -i - 4*u + f, 4*u + 11 = 3*i - 2*i. What is the remainder when i is divided by w?
3
Let c = 9 - -15. What is the remainder when 68 is divided by c?
20
Suppose 30 = 2*b + 4*r, -5*r + 13 + 2 = 0. Calculate the remainder when b is divided by 3.
0
Suppose 2*j = j - 1. Let a = 20 - j. What is the remainder when a is divided by 12?
9
Let r(a) = a**2 + 5*a + 7. What is the remainder when 15 is divided by r(-4)?
0
Let u(a) = 12*a**2 - a. Let t(l) = 3*l**2 - l + 2. Let o be t(1). Let q(k) = 5*k**2 - 10*k + 9. Calculate the remainder when q(o) is divided by u(-1).
10
Suppose -a = 2*a - 126. Suppose -5*t = -3*j + a + 19, -j - 3 = 3*t. What is the remainder when j is divided by 7?
5
Suppose -4*p = 2*v - 2, -5*v - 4*p - 4 = -3*p. Suppose -5*f + 4*h = 27, -9 = 3*h - 6*h. Let x = v - f. Calculate the remainder when 7 is divided by x.
1
Suppose 13 + 531 = 4*r. Calculate the remainder when r is divided by 35.
31
Suppose 11*o = 20*o - 36. What is the remainder when o is divided by 3?
1
Let w(f) be the second derivative of f**5/20 - 7*f**4/12 - 7*f**3/6 - 2*f**2 + 2*f. Calculate the remainder when 7 is divided by w(8).
3
Suppose -f + 3 + 5 = 0. Let p = f + -7. Calculate the remainder when 46 is divided by (-75)/(-5) - 3/p.
10
Let r(d) = -d - 1. Let n(t) = 2*t. Let a(z) = 2*n(z) + 6*r(z). What is the remainder when a(-8) is divided by 4?
2
Suppose -7 = 4*a - 71. What is the remainder when a is divided by 1*(0 + -1) - -10?
7
Let h = -7 + 19. Let c = 32 - h. What is the remainder when c is divided by 11?
9
Suppose 0*j - 4 = 3*q + j, -4*q + 2*j - 12 = 0. Let n(v) = -47*v + 1. Let w be n(q). Let o = -55 + w. What is the remainder when o is divided by 14?
12
Let m(b) = b**3 - 5*b**2 + 7*b - 5. What is the remainder when m(5) is divided by 8?
6
Let j(p) = 2*p**2 + 7*p - 4. Let h be j(-5). Let f = 1 - -1. Suppose 2*q + f = -0, -3*q = -2*x + h. What is the remainder when 11 is divided by x?
3
Suppose -2*z + 11 + 11 = 0. Let d(k) = 2*k**2 + 3. What is the remainder when d(-3) is divided by z?
10
Suppose -2*f + 42 = f. Calculate the remainder when 3/(-9)*13*-6 is divided by f.
12
Let c(f) be the first derivative of -2*f**2 - 11*f + 5. What is the remainder when c(-9) is divided by 9?
7
Let t be (4/(-5))/(2/15). Calculate the remainder when (4/(-6))/(t/333) is divided by 13.
11
Calculate the remainder when 20 is divided by 11/(-2 + 3)*1.
9
Let x = 50 - 0. Suppose 4*n = -2*r + 30, -5*n - 14 = 2*r - x. Calculate the remainder when n is divided by 2.
0
Let r = -10 - 3. Let o = -4 - r. Calculate the remainder when 15 is divided by o.
6
Suppose o - 216 = 2*x - 5*x, 2*x - 136 = 2*o. Let z = x + -42. Calculate the remainder when z is divided by 15.
14
Suppose 3*v + 6*i = 3*i - 108, -5*v + 3*i = 188. Let u = -18 - v. Calculate the remainder when u is divided by 5.
4
Let f(n) = -n**3 - 4*n**2 + 3*n - 2. Let x = -9 + 40. What is the remainder when x is divided by f(-5)?
7
Let j = -254 + 383. What is the remainder when j is divided by 45?
39
Let s = -3 + 5. Let g be 2/8 - (-77)/44. What is the remainder when s is divided by (12/8 + -1)*g?
0
Suppose 2*j + 0*j = -4*z - 116, 3*j + 164 = 4*z. Let a = -30 - j. Calculate the remainder when a is divided by 7.
5
Let o(d) = d**3 + 3*d**2 - 9*d + 1. What is the remainder when 83 is divided by o(-4)?
20
Let l be 6*(11/(-3) + 3). Let i be l/(-10) - (-2)/(-5). Let q = i - -4. What is the remainder when 15 is divided by q?
3
Suppose 16*t - 26*t + 270 = 0. Calculate the remainder when t is divided by 11.
5
Suppose 5*y - 3*y = 86. What is the remainder when y is divided by 11?
10
Suppose 4*z + 8 = -4*b, -4*z + b = -2*b - 6. Suppose i + z = 2. What is the remainder when i is divid